{"id":40,"date":"2016-03-10T11:42:54","date_gmt":"2016-03-10T10:42:54","guid":{"rendered":"http:\/\/wordpress.algotec.de\/?page_id=40"},"modified":"2016-04-14T15:12:04","modified_gmt":"2016-04-14T13:12:04","slug":"pop","status":"publish","type":"page","link":"http:\/\/wordpress.algotec.de\/produktloesungen\/pop\/","title":{"rendered":"POP"},"content":{"rendered":"<p><strong>Point of Payment<\/strong><\/p>\n<p>Seit dem Ende des &#8222;Ware gegen Ware-Handelssystemes&#8220; und der Einf\u00fchrung vom bargeldlosen Zahlungssystem, wird es immer wichtiger kundenorientierte und sichere Bezahlsysteme \/ L\u00f6sungen zu entwickeln. Der Kunde \/ Partner von heute und der Kunde \/ Partner von morgen m\u00f6chte auf vielf\u00e4ltige Art und Weise, schnell, bequem und sicher Geldtransaktionen durchf\u00fchren (Bargeld, Kartenzahlung, ePayment, etc.). Als zentraler Baustein eines solchen integrierten Geldkreislaufs von bezahlenden Endkunden bis zur Bank, bieten die AlgoTec<sup>\u00ae<\/sup>-L\u00f6sungen vielf\u00e4ltige Vorteile:<\/p>\n<p>F\u00fcr den Endkunden bedeutet dies z.B.: deutliche Zeitersparnisse, w\u00e4hlbare Zahlungsabwicklung (bequem und sicher), kein emotionaler Stress an der Kasse (Wechselgeld, etc.), eigenst\u00e4ndige \u00dcberpr\u00fcfung von Preis- und Produktinformationen (Scanner), etc.<\/p>\n<p>F\u00fcr den Handel ergeben sich z.B. folgende Vorteile: Entlastung des Kassierpersonals, Vermeidung von &#8222;menschlichen Fehlern&#8220; wie z.B. falsche herausgaben von Wechselgeld, interne Veruntreuung. Effizienz und Kosteneinsparung bei Kaufabwicklung (Warenwirtschaftssystem intelligent verkn\u00fcpft mit Abrechnungs-\/Bezahlsystem). Optimale Lagerhaltung und aktuelle Bestellinformationen. Zeitnahe Information zu z.B. Umsatz, Produkte, abverkaufte Mengen, Kundenverhalten (Zahlungsart), etc.<\/p>\n<p>Aktiv im Einsatz, unsere Paystation PECURON<sup>\u00ae<\/sup>. Kombiniert mit effizienten POS und POI L\u00f6sungen ergibt sich daraus ein indirekter Wettbewerbsvorteil f\u00fcr unsere Kunden, welchen wir gerne mit unseren L\u00f6sungen unterst\u00fctzen.<\/p>\n<p>Unsere flexible Produktl\u00f6sung passen wir individuell an Ihre Bed\u00fcrfnisse an. Selbstverst\u00e4ndlich gehen wir auch gerne neue Wege mit Ihnen und entwickeln Ihre eigene Projektl\u00f6sung.<\/p>\n","protected":false},"excerpt":{"rendered":"<p>Point of Payment Seit dem Ende des &#8222;Ware gegen Ware-Handelssystemes&#8220; und der Einf\u00fchrung vom bargeldlosen Zahlungssystem, wird es immer wichtiger kundenorientierte und sichere Bezahlsysteme \/ L\u00f6sungen zu entwickeln. Der Kunde \/ Partner von heute und der Kunde \/ Partner von morgen m\u00f6chte auf vielf\u00e4ltige Art und Weise, schnell, bequem und sicher Geldtransaktionen durchf\u00fchren (Bargeld, Kartenzahlung, [&hellip;]<\/p>\n","protected":false},"author":1,"featured_media":0,"parent":31,"menu_order":3,"comment_status":"closed","ping_status":"closed","template":"","meta":{"footnotes":""},"class_list":["post-40","page","type-page","status-publish","hentry","post"],"_links":{"self":[{"href":"http:\/\/wordpress.algotec.de\/wp-json\/wp\/v2\/pages\/40","targetHints":{"allow":["GET"]}}],"collection":[{"href":"http:\/\/wordpress.algotec.de\/wp-json\/wp\/v2\/pages"}],"about":[{"href":"http:\/\/wordpress.algotec.de\/wp-json\/wp\/v2\/types\/page"}],"author":[{"embeddable":true,"href":"http:\/\/wordpress.algotec.de\/wp-json\/wp\/v2\/users\/1"}],"replies":[{"embeddable":true,"href":"http:\/\/wordpress.algotec.de\/wp-json\/wp\/v2\/comments?post=40"}],"version-history":[{"count":5,"href":"http:\/\/wordpress.algotec.de\/wp-json\/wp\/v2\/pages\/40\/revisions"}],"predecessor-version":[{"id":214,"href":"http:\/\/wordpress.algotec.de\/wp-json\/wp\/v2\/pages\/40\/revisions\/214"}],"up":[{"embeddable":true,"href":"http:\/\/wordpress.algotec.de\/wp-json\/wp\/v2\/pages\/31"}],"wp:attachment":[{"href":"http:\/\/wordpress.algotec.de\/wp-json\/wp\/v2\/media?parent=40"}],"curies":[{"name":"wp","href":"https:\/\/api.w.org\/{rel}","templated":true}]}}