{"id":836,"date":"2025-11-07T15:54:56","date_gmt":"2025-11-07T14:54:56","guid":{"rendered":"http:\/\/wordpress.algotec.de\/?page_id=836"},"modified":"2026-03-03T16:21:45","modified_gmt":"2026-03-03T15:21:45","slug":"zertifizierungen","status":"publish","type":"page","link":"http:\/\/wordpress.algotec.de\/profil\/zertifizierungen\/","title":{"rendered":"Zertifizierungen"},"content":{"rendered":"<h1>Vertrauen durch gepr\u00fcfte Informationssicherheit \u2013 TISAX<sup>\u00ae<\/sup><\/h1>\n<p>Die <strong>ENX Association<\/strong> unterst\u00fctzt mit <a href=\"https:\/\/enx.com\/tisax\">TISAX<sup>\u00ae<\/sup><\/a> (Trusted Information Security Assessment Exchange) im Auftrag des <strong>VDA<\/strong> die gemeinsame Akzeptanz von Informationssicherheitspr\u00fcfungen in der Automobilindustrie. Die <a href=\"https:\/\/enx.com\/tisax\">TISAX<sup>\u00ae<\/sup><\/a>-Assessments werden von <a href=\"https:\/\/enx.com\/tisax\">TISAX<sup>\u00ae<\/sup><\/a>-Pr\u00fcfdienstleistern durchgef\u00fchrt, die ihre Qualifikation in regelm\u00e4\u00dfigen Abst\u00e4nden nachweisen. <a href=\"https:\/\/enx.com\/tisax\">TISAX<sup>\u00ae<\/sup><\/a>&#8211; und <a href=\"https:\/\/enx.com\/tisax\">TISAX<sup>\u00ae<\/sup><\/a>-Pr\u00fcfergebni<img loading=\"lazy\" decoding=\"async\" class=\" wp-image-862 alignright\" src=\"http:\/\/wordpress.algotec.de\/wp-content\/uploads\/2026\/03\/Logo-TISAX-Results-Coloured-RGB-300x181.png\" alt=\"\" width=\"353\" height=\"213\" \/>sse sind nicht f\u00fcr die Allgemeinheit bestimmt.<\/p>\n<p>F\u00fcr die AlgoTec GmbH haben Vertraulichkeit, Verf\u00fcgbarkeit und Integrit\u00e4t von Informationen einen hohen Wert. Wir haben umfangreiche Ma\u00dfnahmen zum Schutz von sensiblen und vertraulichen Informationen ergriffen. Deshalb folgen wir dem Fragekatalog der Informationssicherheit des Verbandes der Automobilindustrie (VDA ISA). Die Pr\u00fcfung wurde von einem Pr\u00fcfdienstleister, in diesem Fall dem <a href=\"https:\/\/enx.com\/tisax\">TISAX<sup>\u00ae<\/sup><\/a>-Pr\u00fcfdienstleister <strong>T\u00dcV S\u00fcd<\/strong>, durchgef\u00fchrt. Das Ergebnis ist ausschlie\u00dflich \u00fcber das <strong>ENX Portal<\/strong> abrufbar: <a href=\"https:\/\/portal.enx.com\/en-us\/TISAX\/tisaxassessmentresults\">https:\/\/portal.enx.com\/en-us\/TISAX\/tisaxassessmentresults<\/a><\/p>\n<p>&nbsp;<\/p>\n<h3>Als Kunde profitieren Sie von folgenden Aspekten:<\/h3>\n<h4>Hoher Schutz sensibler Daten<\/h4>\n<p>Der Schutz vertraulicher Informationen, Entwicklungsdaten und Projektdetails hat f\u00fcr uns h\u00f6chste Priorit\u00e4t. Im Rahmen unserer Teilnahme an <a href=\"https:\/\/enx.com\/tisax\">TISAX<sup>\u00ae<\/sup><\/a> haben wir umfassende Ma\u00dfnahmen zum Informationsschutz implementiert und systematisch weiterentwickelt.<\/p>\n<h4>Strukturierte Informationssicherheit<\/h4>\n<p>Wir orientieren uns an den Anforderungen des VDA-ISA-Fragenkatalogs und haben unsere Prozesse, Systeme und organisatorischen Ma\u00dfnahmen entsprechend ausgerichtet. So schaffen wir eine verl\u00e4ssliche Grundlage f\u00fcr Informationssicherheit und Risikominimierung.<\/p>\n<h4>Vertrauensvolle Zusammenarbeit<\/h4>\n<p>Unsere Teilnahme an <a href=\"https:\/\/enx.com\/tisax\">TISAX<sup>\u00ae<\/sup><\/a> unterstreicht unser Engagement f\u00fcr Informationssicherheit und Vertraulichkeit. Damit setzen wir ein klares Zeichen f\u00fcr einen verantwortungsvollen Umgang mit sensiblen Daten in gemeinsamen Projekten.<\/p>\n<h4>Effiziente Abstimmung mit Partnern<\/h4>\n<p>Die standardisierte Vorgehensweise im <a href=\"https:\/\/enx.com\/tisax\">TISAX<sup>\u00ae<\/sup><\/a>-Kontext erleichtert die Abstimmung zu Informationssicherheitsanforderungen und unterst\u00fctzt eine strukturierte, transparente Zusammenarbeit.<\/p>\n<h4>Anerkannter Branchenstandard<\/h4>\n<p><a href=\"https:\/\/enx.com\/tisax\">TISAX<sup>\u00ae<\/sup><\/a> ist ein etablierter Mechanismus zum Austausch von Informationssicherheitsbewertungen in der Automobilindustrie. Unsere Teilnahme zeigt, dass wir uns an branchenspezifischen Anforderungen orientieren und diese systematisch ber\u00fccksichtigen.<\/p>\n","protected":false},"excerpt":{"rendered":"<p>Vertrauen durch gepr\u00fcfte Informationssicherheit \u2013 TISAX\u00ae Die ENX Association unterst\u00fctzt mit TISAX\u00ae (Trusted Information Security Assessment Exchange) im Auftrag des VDA die gemeinsame Akzeptanz von Informationssicherheitspr\u00fcfungen in der Automobilindustrie. Die TISAX\u00ae-Assessments werden von TISAX\u00ae-Pr\u00fcfdienstleistern durchgef\u00fchrt, die ihre Qualifikation in regelm\u00e4\u00dfigen Abst\u00e4nden nachweisen. TISAX\u00ae&#8211; und TISAX\u00ae-Pr\u00fcfergebnisse sind nicht f\u00fcr die Allgemeinheit bestimmt. F\u00fcr die AlgoTec GmbH [&hellip;]<\/p>\n","protected":false},"author":2,"featured_media":0,"parent":2,"menu_order":2,"comment_status":"closed","ping_status":"closed","template":"","meta":{"footnotes":""},"class_list":["post-836","page","type-page","status-publish","hentry","post"],"_links":{"self":[{"href":"http:\/\/wordpress.algotec.de\/wp-json\/wp\/v2\/pages\/836","targetHints":{"allow":["GET"]}}],"collection":[{"href":"http:\/\/wordpress.algotec.de\/wp-json\/wp\/v2\/pages"}],"about":[{"href":"http:\/\/wordpress.algotec.de\/wp-json\/wp\/v2\/types\/page"}],"author":[{"embeddable":true,"href":"http:\/\/wordpress.algotec.de\/wp-json\/wp\/v2\/users\/2"}],"replies":[{"embeddable":true,"href":"http:\/\/wordpress.algotec.de\/wp-json\/wp\/v2\/comments?post=836"}],"version-history":[{"count":11,"href":"http:\/\/wordpress.algotec.de\/wp-json\/wp\/v2\/pages\/836\/revisions"}],"predecessor-version":[{"id":867,"href":"http:\/\/wordpress.algotec.de\/wp-json\/wp\/v2\/pages\/836\/revisions\/867"}],"up":[{"embeddable":true,"href":"http:\/\/wordpress.algotec.de\/wp-json\/wp\/v2\/pages\/2"}],"wp:attachment":[{"href":"http:\/\/wordpress.algotec.de\/wp-json\/wp\/v2\/media?parent=836"}],"curies":[{"name":"wp","href":"https:\/\/api.w.org\/{rel}","templated":true}]}}